*l - 2. Let o(i) = 3*d(i) - 14*v(i). List the prime factors of o(17).
2, 5, 23
Suppose 4*f + 54250 = 39*f. What are the prime factors of f?
2, 5, 31
Suppose 4 = -5*j - 1. Let o be -1*((-11)/j - 0). List the prime factors of (o + -8)/(2/(-2)).
19
Let x be (2/(-2))/((6/1382)/(-3)). List the prime factors of x/4 + (-36)/(-16) + -2.
173
List the prime factors of ((-1)/(3/(-19)))/((-1)/(-30)).
2, 5, 19
Let n(g) = g**3 + 6*g**2 + 4*g - 1. Let m be n(-3). Let a be m/6 - (-4)/(-12). List the prime factors of -1 + (a - (-2 + -11)).
2, 7
Let f = -16 - -18. Suppose 0 = -d - 3*t + 2, -8 = -4*d + f*t + 3*t. Suppose d*k - 52 = 104. List the prime factors of k.
2, 3, 13
Let o(v) = -3*v - 30. Let u be o(-7). List the prime factors of 313/3 - ((-12)/u - 2).
3, 5, 7
What are the prime factors of (-40628)/(-70) - 40/(-25)?
2, 3, 97
Suppose -6*n - 287 = -1595. Suppose n = 5*x + 78. What are the prime factors of x?
2, 7
Let l(u) = 6*u - 28*u**2 + 13 + 0 - 2 + 29*u**2. What are the prime factors of l(6)?
83
Let l = -127 + 842. List the prime factors of l.
5, 11, 13
Let y = -19 + 22. Suppose -l + 6 = -t, -15 = -y*l - 3*t + 3. Suppose 122 = 4*h - l. What are the prime factors of h?
2
Suppose -b = 10 - 32. Let s = -2 + b. What are the prime factors of s?
2, 5
List the prime factors of ((-36)/72)/(1/(-616)).
2, 7, 11
Let n = 1499 - 732. What are the prime factors of n?
13, 59
Let f = -66 - -180. Suppose 3*v + f = 6*v. List the prime factors of v.
2, 19
Suppose -5*c = -15 - 10. Suppose 9 = 8*a - c*a. Suppose -a*m + 40 = -2*m. List the prime factors of m.
2, 5
List the prime factors of 1/(((-393652)/16401)/(-4) + -6).
3, 11, 71
Let g(p) = p + 4. Suppose -3*k + 33 = -9. Let v(o) = o - 3. Let m be v(k). What are the prime factors of g(m)?
3, 5
Suppose r - 6 = -2*r. Let p = r - 6. Let h(x) = -6*x + 10. What are the prime factors of h(p)?
2, 17
Let f be 1*204 - 0/16. Suppose -717 = -v - f. List the prime factors of v/18 - (-1)/2.
29
Suppose -829 = -4*f - f - 2*b, -b + 332 = 2*f. What are the prime factors of f?
3, 5, 11
Let a be (-36)/(-15) + (-10)/25. Let m be a/(-4) - 11/(-2). Let p = m + 53. List the prime factors of p.
2, 29
Let d(b) = 2*b**3 - 63*b**2 + 23*b + 40. What are the prime factors of d(32)?
2, 3, 5
Let v(f) = 81*f + 8. Let b(m) = 242*m + 23. Let o(u) = -6*b(u) + 17*v(u). List the prime factors of o(-1).
73
Suppose -v - 66 = -l, -3*v - 318 = -5*l - v. Let a = l - 38. Suppose x + 3*z - 28 = a, -4*z = -12. List the prime factors of x.
43
List the prime factors of 10/(-8) - -1 - (-113751)/108.
3, 13
Let i be 0 + 2 - (-2 - (-2 + -3)). Let b(g) = -203*g**3 - 2*g**2 - 3*g - 2. List the prime factors of b(i).
2, 101
Let t = -14 + 35. Suppose 4*w - 91 - t = 0. What are the prime factors of w?
2, 7
Let x(v) = 187*v**2 + 3*v + 2. Let c be x(-1). Suppose c = 2*r + 28. What are the prime factors of r?
79
Suppose 18*a - 7062 = 7*a. List the prime factors of a.
2, 3, 107
Let x(m) = -2192*m**3 + m. Let b be x(-1). What are the prime factors of 2/5 - b/(-35)?
3, 7
Let q(r) = 20*r**2 - 7*r + 7. List the prime factors of q(4).
13, 23
Let v = -1 + -28. Let j = v + 55. List the prime factors of j.
2, 13
Let g = -388 + 2219. What are the prime factors of g?
1831
Let w(o) = -9*o + 9. Suppose 7 = -j + 3. Let p be w(j). Suppose -3*u + p = 3*v + 15, -4*u + v + 40 = 0. What are the prime factors of u?
2, 5
Suppose 5*b - 12 = b. Suppose -b*x + 204 = 9. Let y = x + -38. List the prime factors of y.
3
Suppose -529 = -7*n - 151. What are the prime factors of n?
2, 3
List the prime factors of (-12516 + -4)/(-10)*2.
2, 313
Suppose 4*c + 300 + 65 = h, -261 = 3*c - 5*h. Let f = 131 - c. What are the prime factors of f?
223
Let i = -353 + 601. What are the prime factors of i?
2, 31
Suppose -115*u - 5463 = -124*u. What are the prime factors of u?
607
Let a(v) be the second derivative of 35*v**4/24 - v**2/2 - 8*v. Let u(t) be the first derivative of a(t). List the prime factors of u(1).
5, 7
Suppose -986 - 854 = -8*v. List the prime factors of 6/(-36) - v/(-12).
19
Suppose -2*k = 5*k - 28. Suppose k*i - 218 = 30. What are the prime factors of i?
2, 31
Suppose -5*l - 5*a = 704 - 1969, 3*l + 2*a - 757 = 0. List the prime factors of l.
251
What are the prime factors of -1 + (-3)/(-2) - (-204263)/214?
5, 191
Suppose -3*v + 25 = 2*v. Suppose -214 - v = -3*b. What are the prime factors of b?
73
Let j(y) be the third derivative of 151*y**5/60 - y**4/12 - y**3/3 - 7*y**2. What are the prime factors of j(-1)?
151
Let a(t) = -7*t**2 - 9*t - 2. Let x(n) = 7*n**2 + 10*n + 1. Let f(v) = -4*a(v) - 3*x(v). List the prime factors of f(-4).
3, 31
Suppose 3*p + 14 = l, 3*l - 81 = -2*l + 4*p. Suppose -z + 0 = 4. Let w = l - z. List the prime factors of w.
3, 7
Suppose n + x - 1078 = -2*n, 5*x = 20. List the prime factors of n.
2, 179
Suppose g = -g + 408. Suppose -g = -u - 3*u. Suppose -3*q + 0*q = -u. List the prime factors of q.
17
Suppose -582 = -2*i + 15*j - 19*j, 5*i - 1507 = 3*j. List the prime factors of i.
13, 23
Let l(z) = z**2 - 11*z + 10. Let s be l(9). Let x(r) = -2*r - 10. Let u be x(s). Suppose -4*q + u*q - 20 = 0. What are the prime factors of q?
2, 5
Suppose -32 = 5*v - 2. Let c be (72/(-27))/(4/v). Suppose -o = o + c*d - 112, -3*o + 4*d + 208 = 0. List the prime factors of o.
2
Let f be (1 - (2 + 1))*-6. Suppose 3*p - 7*p + f = 0. Let r = 26 + p. List the prime factors of r.
29
Let b be (-100)/(-8) - (-1)/2. Suppose -b = 5*l + 5*x - 3, 3*x = -2*l - 9. Suppose 11 = r - l*w, -2 - 15 = -r - 3*w. List the prime factors of r.
2, 7
Suppose 0*b - 4*b = -4. What are the prime factors of -2 + (7/b - 3)?
2
Let f(z) = -z**2 - 22*z. Let t be f(-22). Suppose -5*c - 5*g + 1090 = 0, -4*c - 3*g - 2*g + 872 = t. List the prime factors of c.
2, 109
Let y = 1683 - -591. List the prime factors of y.
2, 3, 379
Suppose 2*z = 0, 5*z = -3*c + 3*z + 13551. What are the prime factors of c?
4517
Let z(w) = -7*w + 2. Let y(m) = 7*m - 2. Let d(i) = -7*y(i) - 6*z(i). Let l be d(-9). List the prime factors of 2 + -4 + -2 + l.
61
Let m(z) = -z**3 - 4*z**2 + 4*z - 2. Let x = -19 + 14. Let b be m(x). Suppose -d + 45 = t, -t - 2*t = -b*d - 147. What are the prime factors of t?
47
Let k be 72/10*15/3. List the prime factors of (k/45)/(2/15).
2, 3
Let d be ((-42)/8)/((-15)/40). What are the prime factors of 4/d - 1928/(-14)?
2, 3, 23
Suppose -4*i - 18 = t, -t - i - 8 = i. Suppose -5*o + 5*w - t*w + 178 = 0, w - 69 = -2*o. Let z = o + -21. List the prime factors of z.
2, 7
What are the prime factors of (0 + -26)/(6*7/(-84))?
2, 13
Suppose -5*i + 122*q = 125*q - 13211, 0 = -4*q + 8. What are the prime factors of i?
19, 139
List the prime factors of (2502/15)/((-6)/(-40)).
2, 139
Suppose 37200 = 18*j - 15648. What are the prime factors of j?
2, 367
Let i(p) = p + 6. Let v be i(6). Let t = v - 3. Let x = 26 - t. List the prime factors of x.
17
What are the prime factors of 15/(1 + -4)*(-8 - 467)?
5, 19
Let s(f) be the second derivative of 0 - 9/2*f**2 - 1/20*f**5 + 1/3*f**3 + 5*f + 2/3*f**4. What are the prime factors of s(8)?
7
Let v = -32 + 32. Suppose v = -5*f + 9*f - 244. List the prime factors of f.
61
Let z be 1 + (-15)/2*-2. Let v be (-2)/6 + 21*4/36. Suppose -f = -2*j + 4, j + v*j = -f + z. List the prime factors of f.
2
Suppose 4*z = -2*t, -5*z + 22 = -6*t + 3*t. Suppose -3*b = 3*h - 15, 5*h - z*b - 17 = 8. Suppose h*y + 36 = 161. List the prime factors of y.
5
Let o(b) = -5 + 51*b - 33*b - 60*b. List the prime factors of o(-1).
37
Let q be (-4)/12 - (-21)/9. Suppose -q*o + 24 = 5*r + 2*o, -5*r + 25 = 5*o. Suppose -2 = 2*y, 0*y - 3*y = -r*a + 67. What are the prime factors of a?
2
Let f = 1 - -163. Suppose 0*t + 107 = 2*t + c, -f = -3*t - 5*c. What are the prime factors of t?
53
What are the prime factors of 2 - 5/((-25)/21790)?
2, 5, 109
Let i(p) = 6*p**2 + 7*p + 12. Let z be i(-5). Suppose -z = -4*y + 149. List the prime factors of y.
3, 23
List the prime factors of 1453/4 + 2/(-8).
3, 11
Let z(x) = -x**3 - 4*x**2 + 2*x + 3. Suppose -2*o + 2*a + 17 = -7*o, 5*o - 5*a + 10 = 0. Let j be z(o). List the prime factors of 35/20*j/(-1).
3, 7
Suppose 3*i = -4*f - 97, 3*i + 101 = -0*i - 5*f. Let m = i - -94. What are the prime factors of m?
67
Let v(x) = -x**3 + 13*x**2 + 18*x + 9. Let a be v(14). Let h = a - 57. List the prime fact